{"id":222,"date":"2009-06-08T01:47:31","date_gmt":"2009-06-07T23:47:31","guid":{"rendered":"http:\/\/orchids.nature4stock.com\/?page_id=222"},"modified":"2012-11-21T16:05:33","modified_gmt":"2012-11-21T14:05:33","slug":"orchis-coriophora","status":"publish","type":"page","link":"http:\/\/orchids.nature4stock.com\/?page_id=222","title":{"rendered":"<i>Orchis coriophora<\/i> L."},"content":{"rendered":"<p>RO: Plo\u015fni\u0163oas\u0103<br \/>\nDE:\u00a0Wanzen-Knabenkraut<br \/>\nEN: Bug Orchid<\/p>\n<ul>\n<li>a slender orchid (15-50 cm in height)<\/li>\n<li>the inflorescence is dense and not very long with numerous flowers<\/li>\n<li>in flower from end of April to July (usually in June)<\/li>\n<li>pollination is done by different species of insect atracted by nectar<\/li>\n<li>found on slightly acidic of slightly alkaline substrate in grassy habitats<\/li>\n<li>can be found almost in Central and Southern Europe<\/li>\n<li>2n = 36, 38<\/li>\n<\/ul>\n\n\t\t<style type=\"text\/css\">\n\t\t\t#gallery-1 {\n\t\t\t\tmargin: auto;\n\t\t\t}\n\t\t\t#gallery-1 .gallery-item {\n\t\t\t\tfloat: left;\n\t\t\t\tmargin-top: 10px;\n\t\t\t\ttext-align: center;\n\t\t\t\twidth: 33%;\n\t\t\t}\n\t\t\t#gallery-1 img {\n\t\t\t\tborder: 2px solid #cfcfcf;\n\t\t\t}\n\t\t\t#gallery-1 .gallery-caption {\n\t\t\t\tmargin-left: 0;\n\t\t\t}\n\t\t\t\/* see gallery_shortcode() in wp-includes\/media.php *\/\n\t\t<\/style>\n\t\t<div id='gallery-1' class='gallery galleryid-222 gallery-columns-3 gallery-size-thumbnail'><dl class='gallery-item'>\n\t\t\t<dt class='gallery-icon portrait'>\n\t\t\t\t<a href='http:\/\/orchids.nature4stock.com\/wp-content\/uploads\/2009\/06\/IMG_7442_Orchis_coriophora.jpg'><img width=\"150\" height=\"150\" src=\"http:\/\/orchids.nature4stock.com\/wp-content\/uploads\/2009\/06\/IMG_7442_Orchis_coriophora-150x150.jpg\" class=\"attachment-thumbnail size-thumbnail\" alt=\"\" loading=\"lazy\" \/><\/a>\n\t\t\t<\/dt><\/dl>\n\t\t\t<br style='clear: both' \/>\n\t\t<\/div>\n\n<!-- AddThis Advanced Settings generic via filter on the_content --><!-- AddThis Share Buttons generic via filter on the_content -->","protected":false},"excerpt":{"rendered":"<p>RO: Plo\u015fni\u0163oas\u0103 DE:\u00a0Wanzen-Knabenkraut EN: Bug Orchid a slender orchid (15-50 cm in height) the inflorescence is dense and not very long with numerous flowers in flower from end of April to July (usually in June) pollination is done by different species of insect atracted by nectar found on slightly acidic of slightly alkaline substrate in [&hellip;]<!-- AddThis Advanced Settings generic via filter on get_the_excerpt --><!-- AddThis Share Buttons generic via filter on get_the_excerpt --><\/p>\n","protected":false},"author":2,"featured_media":0,"parent":202,"menu_order":0,"comment_status":"open","ping_status":"open","template":"","meta":[],"categories":[93],"tags":[104,51,102,103],"_links":{"self":[{"href":"http:\/\/orchids.nature4stock.com\/index.php?rest_route=\/wp\/v2\/pages\/222"}],"collection":[{"href":"http:\/\/orchids.nature4stock.com\/index.php?rest_route=\/wp\/v2\/pages"}],"about":[{"href":"http:\/\/orchids.nature4stock.com\/index.php?rest_route=\/wp\/v2\/types\/page"}],"author":[{"embeddable":true,"href":"http:\/\/orchids.nature4stock.com\/index.php?rest_route=\/wp\/v2\/users\/2"}],"replies":[{"embeddable":true,"href":"http:\/\/orchids.nature4stock.com\/index.php?rest_route=%2Fwp%2Fv2%2Fcomments&post=222"}],"version-history":[{"count":7,"href":"http:\/\/orchids.nature4stock.com\/index.php?rest_route=\/wp\/v2\/pages\/222\/revisions"}],"predecessor-version":[{"id":1186,"href":"http:\/\/orchids.nature4stock.com\/index.php?rest_route=\/wp\/v2\/pages\/222\/revisions\/1186"}],"up":[{"embeddable":true,"href":"http:\/\/orchids.nature4stock.com\/index.php?rest_route=\/wp\/v2\/pages\/202"}],"wp:attachment":[{"href":"http:\/\/orchids.nature4stock.com\/index.php?rest_route=%2Fwp%2Fv2%2Fmedia&parent=222"}],"wp:term":[{"taxonomy":"category","embeddable":true,"href":"http:\/\/orchids.nature4stock.com\/index.php?rest_route=%2Fwp%2Fv2%2Fcategories&post=222"},{"taxonomy":"post_tag","embeddable":true,"href":"http:\/\/orchids.nature4stock.com\/index.php?rest_route=%2Fwp%2Fv2%2Ftags&post=222"}],"curies":[{"name":"wp","href":"https:\/\/api.w.org\/{rel}","templated":true}]}}